3821?
33
Calculate the remainder when 9112 is divided by 8677.
435
What is the remainder when 146471 is divided by 6147?
5090
What is the remainder when 688019 is divided by 20235?
29
Calculate the remainder when 1612066 is divided by 51.
7
Calculate the remainder when 496437 is divided by 153.
105
What is the remainder when 2302406 is divided by 767371?
293
What is the remainder when 85135 is divided by 42282?
571
Calculate the remainder when 13144853 is divided by 3708.
3701
Calculate the remainder when 1694773 is divided by 564513.
1234
What is the remainder when 343984 is divided by 2943?
2596
Calculate the remainder when 768815 is divided by 3732.
23
Calculate the remainder when 19034442 is divided by 280.
42
Calculate the remainder when 15402183 is divided by 1026812.
3
Calculate the remainder when 370388929 is divided by 123462971.
16
Calculate the remainder when 545513 is divided by 545504.
9
Calculate the remainder when 20777139 is divided by 581.
579
Calculate the remainder when 2126279 is divided by 531569.
3
What is the remainder when 7419714 is divided by 12006?
6
What is the remainder when 73573 is divided by 826?
59
Calculate the remainder when 39629001 is divided by 2173.
0
Calculate the remainder when 2410 is divided by 1152.
106
Calculate the remainder when 1085725 is divided by 30.
25
Calculate the remainder when 2680525 is divided by 923.
133
Calculate the remainder when 207138320 is divided by 23.
21
What is the remainder when 6581916 is divided by 3260?
3236
Calculate the remainder when 20125239 is divided by 1098.
1095
Calculate the remainder when 21192 is divided by 19914.
1278
What is the remainder when 24811325 is divided by 41?
11
What is the remainder when 524254 is divided by 74880?
94
Calculate the remainder when 324291 is divided by 64853.
26
Calculate the remainder when 10496501 is divided by 7.
1
What is the remainder when 11831 is divided by 5532?
767
What is the remainder when 474554 is divided by 16950?
16904
Calculate the remainder when 12578476 is divided by 29.
16
Calculate the remainder when 349204343 is divided by 6685.
6683
What is the remainder when 900037 is divided by 99990?
127
Calculate the remainder when 84247 is divided by 456.
343
Calculate the remainder when 1555270918 is divided by 761.
759
Calculate the remainder when 166527732 is divided by 492.
0
Calculate the remainder when 9248259 is divided by 341.
339
What is the remainder when 7518752 is divided by 16345?
52
What is the remainder when 1158585 is divided by 2720?
2585
What is the remainder when 1136590 is divided by 24?
22
What is the remainder when 37661 is divided by 533?
351
What is the remainder when 5082708 is divided by 847101?
102
Calculate the remainder when 2402325 is divided by 29.
23
What is the remainder when 5498452 is divided by 2749121?
210
What is the remainder when 2823374 is divided by 2434?
2368
What is the remainder when 3736218 is divided by 133?
115
Calculate the remainder when 4806513 is divided by 2303.
152
What is the remainder when 426979 is divided by 2422?
707
Calculate the remainder when 61332345 is divided by 769.
750
Calculate the remainder when 182201 is divided by 4401.
1760
What is the remainder when 21129 is divided by 4218?
39
What is the remainder when 33313732 is divided by 59?
31
Calculate the remainder when 4963288 is divided by 4963287.
1
Calculate the remainder when 26592472 is divided by 8864148.
28
Calculate the remainder when 2002867 is divided by 667610.
37
What is the remainder when 150952 is divided by 125?
77
Calculate the remainder when 1697001 is divided by 329.
19
What is the remainder when 5250974 is divided by 5250791?
183
What is the remainder when 810138 is divided by 67492?
234
Calculate the remainder when 1474288 is divided by 244857.
5146
What is the remainder when 27861532 is divided by 1413?
1411
What is the remainder when 5283869 is divided by 38?
7
What is the remainder when 14273 is divided by 2315?
383
Calculate the remainder when 102085631 is divided by 576.
575
Calculate the remainder when 840418 is divided by 4695.
13
Calculate the remainder when 9425448 is divided by 17552.
24
Calculate the remainder when 1688726 is divided by 392.
382
What is the remainder when 344560 is divided by 43069?
8
Calculate the remainder when 13147736 is divided by 80169.
20
Calculate the remainder when 31813324 is divided by 2272378.
32
What is the remainder when 4461 is divided by 3851?
610
Calculate the remainder when 15689637 is divided by 178291.
29
Calculate the remainder when 3395377 is divided by 1313.
1272
What is the remainder when 12531031 is divided by 7036?
6951
What is the remainder when 24612836 is divided by 305?
251
What is the remainder when 32550 is divided by 180?
150
Calculate the remainder when 88244633 is divided by 22061154.
17
What is the remainder when 4816171 is divided by 1249?
27
Calculate the remainder when 1927009 is divided by 113347.
110
What is the remainder when 200415 is divided by 783?
750
What is the remainder when 53164 is divided by 17682?
118
What is the remainder when 753609 is divided by 304?
297
Calculate the remainder when 102677 is divided by 17030.
497
Calculate the remainder when 3808882 is divided by 13.
12
Calculate the remainder when 9590863 is divided by 737750.
113
Calculate the remainder when 6611735 is divided by 826463.
31
What is the remainder when 155335 is divided by 497?
271
Calculate the remainder when 5278406 is divided by 124.
98
What is the remainder when 3061434 is divided by 13790?
54
Calculate the remainder when 250344 is divided by 125026.
292
Calculate the remainder when 233934 is divided by 77976.
6
Calculate the remainder when 247755 is divided by 199.
0
What is the remainder when 7505171 is divided by 2501644?
239
What is the remainder when 16205585 is divided by 3391?
3387
What is the remainder when 1595936 is divided by 3727?
780
What is the remainder when 253613 is divided by 3957?
365
What is the remainder when 486362 is divided by 1207?
1148
What is the remainder when 463275 is divided by 77126?
519
Calculate the remainder when 3990656 is divided by 63.
47
What is the remainder when 37169 is divided by 12192?
593
Calculate the remainder when 6538534 is divided by 6538523.
11
What is the remainder when 891253 is divided by 8116?
6609
What is the remainder when 209609 is divided by 15?
14
What is the remainder when 117350 is divided by 195?
155
Calculate the remainder when 1230869 is divided by 615418.
33
Calculate the remainder when 8363125 is divided by 1804.
1585
Calculate the remainder when 2096247 is divided by 2096236.
11
What is the remainder when 8799 is divided by 2199?
3
What is the remainder when 139991191 is divided by 242?
241
Calculate the remainder when 205562 is divided by 12830.
282
What is the remainder when 196846 is divided by 196839?
7
Calculate the remainder when 132390290 is divided by 1932.
1922
Calculate the remainder when 227456 is divided by 113543.
370
What is the remainder when 16379100 is divided by 20812?
56
Calculate the remainder when 11561 is divided by 1458.
1355
What is the remainder when 150583 is divided by 24721?
2257
Calculate the remainder when 608212 is divided by 304104.
4
What is the remainder when 3529433253 is divided by 12164?
12161
What is the remainder when 14639507 is divided by 3775?
57
What is the remainder when 655288 is divided by 45?
43
Calculate the remainder when 12638291 is divided by 361.
42
What is the remainder when 6698094 is divided by 1515?
279
Calculate the remainder when 606108 is divided by 852.
336
Calculate the remainder when 85221578 is divided by 74.
70
What is the remainder when 1275191 is divided by 18726?
1823
What is the remainder when 2146709 is divided by 1285?
759
What is the remainder when 284048 is divided by 283946?
102
What is the remainder when 11500318 is divided by 70?
18
What is the remainder when 1429368 is divided by 1381?
33
Calculate the remainder when 19991 is divided by 4980.
71
What is the remainder when 1596606 is divided by 404?
402
Calculate the remainder when 75439 is divided by 11841.
4393
Calculate the remainder when 1030391 is divided by 64367.
519
What is the remainder when 487756 is divided by 97514?
186
Calcula